{"id":2081,"date":"2013-06-14T21:30:49","date_gmt":"2013-06-14T19:30:49","guid":{"rendered":"http:\/\/nowa.geokons.pl\/?page_id=2081"},"modified":"2024-03-20T18:33:30","modified_gmt":"2024-03-20T17:33:30","slug":"inwestorzy","status":"publish","type":"page","link":"https:\/\/geokons.pl\/?page_id=2081","title":{"rendered":"Inwestorzy"},"content":{"rendered":"\n<div class=\"wp-block-media-text is-stacked-on-mobile\" style=\"grid-template-columns:27% auto\"><figure class=\"wp-block-media-text__media\"><img decoding=\"async\" loading=\"lazy\" width=\"300\" height=\"74\" src=\"http:\/\/geokons.pl\/wp-content\/uploads\/2018\/04\/pgnig-300x74.jpg\" alt=\"\" class=\"wp-image-2212 size-full\" srcset=\"https:\/\/geokons.pl\/wp-content\/uploads\/2018\/04\/pgnig-300x74.jpg 300w, https:\/\/geokons.pl\/wp-content\/uploads\/2018\/04\/pgnig-768x188.jpg 768w, https:\/\/geokons.pl\/wp-content\/uploads\/2018\/04\/pgnig-1024x251.jpg 1024w, https:\/\/geokons.pl\/wp-content\/uploads\/2018\/04\/pgnig.jpg 1341w\" sizes=\"(max-width: 300px) 100vw, 300px\" \/><\/figure><div class=\"wp-block-media-text__content\">\n<p>Polskie G\u00f3rnictwo Naftowe i Gazownictwo \u2013 najwi\u0119ksza sp\u00f3\u0142ka w Polsce zajmuj\u0105ca si\u0119 poszukiwaniem i wydobywaniem gazu ziemnego i ropy naftowej. Dzia\u0142alno\u015b\u0107 prowadzi g\u0142\u00f3wnie w Polsce, a tak\u017ce za granic\u0105 \u2013 w Libii, Pakistanie, Czechach, Danii, Niemczech.<\/p>\n\n\n\n<div style=\"height:100px\" aria-hidden=\"true\" class=\"wp-block-spacer\"><\/div>\n<\/div><\/div>\n\n\n\n<div class=\"wp-block-media-text is-stacked-on-mobile\" style=\"grid-template-columns:27% auto\"><figure class=\"wp-block-media-text__media\"><img decoding=\"async\" src=\"http:\/\/inzynieria.com\/uploads\/images\/orginal\/spec_poziom.jpg\" alt=\"http:\/\/inzynieria.com\/uploads\/images\/orginal\/spec_poziom.jpg\"\/><\/figure><div class=\"wp-block-media-text__content\">\n<p>Sto\u0142eczne Przedsi\u0119biorstwo Energetyki Cieplnej SPEC \u2013 firma zajmuj\u0105ca si\u0119 przesy\u0142aniem i dystrybucj\u0105 energii cieplnej na terenie miasta sto\u0142ecznego Warszawy. Specjalizuj\u0119 si\u0119 nadto w budowie, przebudowie i modernizacji sieci, przy\u0142\u0105czy oraz w\u0119z\u0142\u00f3w cieplnych.<\/p>\n\n\n\n<div style=\"height:100px\" aria-hidden=\"true\" class=\"wp-block-spacer\"><\/div>\n<\/div><\/div>\n\n\n\n<div class=\"wp-block-media-text is-stacked-on-mobile\" style=\"grid-template-columns:27% auto\"><figure class=\"wp-block-media-text__media\"><img decoding=\"async\" loading=\"lazy\" width=\"276\" height=\"100\" src=\"http:\/\/geokons.pl\/wp-content\/uploads\/2018\/04\/mpwik.png\" alt=\"\" class=\"wp-image-2213 size-full\"\/><\/figure><div class=\"wp-block-media-text__content\">\n<p>Miejskie Przedsi\u0119biorstwo Wodoci\u0105g\u00f3w i Kanalizacji w m.st. Warszawie Sp\u00f3\u0142ka Akcyjna zajmuj\u0119 si\u0119 zaopatrzeniem w wod\u0119 i odprowadzaniem \u015bciek\u00f3w. MPWiK S.A. eksploatuje sie\u0107 wodoci\u0105gow\u0105 o d\u0142ugo\u015bci ok. 3&nbsp;400 km i kanalizacyjn\u0105 o d\u0142ugo\u015bci ok.&nbsp;3 200 km. Wodoci\u0105gi Uk\u0142adu Centralnego dostarczaj\u0105 do sieci miejskiej ponad 300 tys. m<sup>3 <\/sup>na dob\u0119.<\/p>\n\n\n\n<div style=\"height:100px\" aria-hidden=\"true\" class=\"wp-block-spacer\"><\/div>\n<\/div><\/div>\n\n\n\n<div class=\"wp-block-media-text is-stacked-on-mobile\" style=\"grid-template-columns:15% auto\"><figure class=\"wp-block-media-text__media\"><img decoding=\"async\" loading=\"lazy\" width=\"206\" height=\"205\" src=\"https:\/\/geokons.pl\/wp-content\/uploads\/2024\/03\/plock.png\" alt=\"\" class=\"wp-image-2252 size-full\" srcset=\"https:\/\/geokons.pl\/wp-content\/uploads\/2024\/03\/plock.png 206w, https:\/\/geokons.pl\/wp-content\/uploads\/2024\/03\/plock-150x150.png 150w\" sizes=\"(max-width: 206px) 100vw, 206px\" \/><\/figure><div class=\"wp-block-media-text__content\">\n<p>Wodoci\u0105gi P\u0142ockie Sp. z o.o. powsta\u0142a 30 kwietnia 1998 roku w wyniku przekszta\u0142cenia Miejskiego Zak\u0142adu Wodoci\u0105g\u00f3w i Kanalizacji.<\/p>\n\n\n\n<div style=\"height:100px\" aria-hidden=\"true\" class=\"wp-block-spacer\"><\/div>\n<\/div><\/div>\n\n\n\n<div class=\"wp-block-media-text is-stacked-on-mobile\" style=\"grid-template-columns:27% auto\"><figure class=\"wp-block-media-text__media\"><img decoding=\"async\" loading=\"lazy\" width=\"300\" height=\"138\" src=\"http:\/\/geokons.pl\/wp-content\/uploads\/2018\/04\/PGE-300x138.png\" alt=\"\" class=\"wp-image-2214 size-full\" srcset=\"https:\/\/geokons.pl\/wp-content\/uploads\/2018\/04\/PGE-300x138.png 300w, https:\/\/geokons.pl\/wp-content\/uploads\/2018\/04\/PGE.png 655w\" sizes=\"(max-width: 300px) 100vw, 300px\" \/><\/figure><div class=\"wp-block-media-text__content\">\n<p>PGE Polska Grupa Energetyczna jest najwi\u0119ksz\u0105 firma energetyczn\u0105 w Polsce. PGE to tak\u017ce najbardziej rozpoznawalna marka sektora elektroenergetycznego. Dzi\u0119ki po\u0142\u0105czeniu dzia\u0142alno\u015bci produkcyjnej z dostawami do Klient\u00f3w finalnych Polska Grupa Energetyczna dostarcza energi\u0119 elektryczn\u0105 do oko\u0142o 5 milion\u00f3w dom\u00f3w, firm i instytucji.<\/p>\n\n\n\n<div style=\"height:100px\" aria-hidden=\"true\" class=\"wp-block-spacer\"><\/div>\n<\/div><\/div>\n\n\n\n<div class=\"wp-block-media-text is-stacked-on-mobile\" style=\"grid-template-columns:15% auto\"><figure class=\"wp-block-media-text__media\"><img decoding=\"async\" src=\"http:\/\/geoforum.pl\/upload\/news_pl\/picture\/main\/120425_rzgw_poznan.jpg\" alt=\"http:\/\/geoforum.pl\/upload\/news_pl\/picture\/main\/120425_rzgw_poznan.jpg\"\/><\/figure><div class=\"wp-block-media-text__content\">\n<p>Regionalny Zarz\u0105d Gospodarki Wodnej w Poznaniu jest pa\u0144stwow\u0105 jednostk\u0105 utworzon\u0105 do realizacji zada\u0144 z zakresu gospodarowania wodami w regionie wodnym Warty.<\/p>\n\n\n\n<div style=\"height:100px\" aria-hidden=\"true\" class=\"wp-block-spacer\"><\/div>\n<\/div><\/div>\n\n\n\n<div class=\"wp-block-media-text is-stacked-on-mobile\" style=\"grid-template-columns:27% auto\"><figure class=\"wp-block-media-text__media\"><img decoding=\"async\" loading=\"lazy\" width=\"300\" height=\"51\" src=\"http:\/\/geokons.pl\/wp-content\/uploads\/2018\/04\/PSE-300x51.png\" alt=\"\" class=\"wp-image-2215 size-full\" srcset=\"https:\/\/geokons.pl\/wp-content\/uploads\/2018\/04\/PSE-300x51.png 300w, https:\/\/geokons.pl\/wp-content\/uploads\/2018\/04\/PSE-768x131.png 768w, https:\/\/geokons.pl\/wp-content\/uploads\/2018\/04\/PSE-1024x174.png 1024w\" sizes=\"(max-width: 300px) 100vw, 300px\" \/><\/figure><div class=\"wp-block-media-text__content\">\n<p>Przedmiotem dzia\u0142ania Polskich Sieci Elektroenergetycznych S.A. jest \u015bwiadczenie us\u0142ug przesy\u0142ania energii elektrycznej, przy zachowaniu wymaganych kryteri\u00f3w bezpiecze\u0144stwa pracy Krajowego Systemu Elektroenergetycznego (KSE).<\/p>\n<\/div><\/div>\n","protected":false},"excerpt":{"rendered":"<p>Przedmiotem dzia\u0142ania Polskich Sieci Elektroenergetycznych S.A. jest \u015bwiadczenie us\u0142ug przesy\u0142ania energii elektrycznej, przy zachowaniu wymaganych kryteri\u00f3w bezpiecze\u0144stwa pracy Krajowego Systemu Elektroenergetycznego (KSE).<\/p>\n","protected":false},"author":1,"featured_media":0,"parent":0,"menu_order":0,"comment_status":"open","ping_status":"open","template":"","meta":{"jetpack_post_was_ever_published":false,"footnotes":""},"jetpack_shortlink":"https:\/\/wp.me\/P4Gd0O-xz","jetpack_sharing_enabled":true,"_links":{"self":[{"href":"https:\/\/geokons.pl\/index.php?rest_route=\/wp\/v2\/pages\/2081"}],"collection":[{"href":"https:\/\/geokons.pl\/index.php?rest_route=\/wp\/v2\/pages"}],"about":[{"href":"https:\/\/geokons.pl\/index.php?rest_route=\/wp\/v2\/types\/page"}],"author":[{"embeddable":true,"href":"https:\/\/geokons.pl\/index.php?rest_route=\/wp\/v2\/users\/1"}],"replies":[{"embeddable":true,"href":"https:\/\/geokons.pl\/index.php?rest_route=%2Fwp%2Fv2%2Fcomments&post=2081"}],"version-history":[{"count":46,"href":"https:\/\/geokons.pl\/index.php?rest_route=\/wp\/v2\/pages\/2081\/revisions"}],"predecessor-version":[{"id":2273,"href":"https:\/\/geokons.pl\/index.php?rest_route=\/wp\/v2\/pages\/2081\/revisions\/2273"}],"wp:attachment":[{"href":"https:\/\/geokons.pl\/index.php?rest_route=%2Fwp%2Fv2%2Fmedia&parent=2081"}],"curies":[{"name":"wp","href":"https:\/\/api.w.org\/{rel}","templated":true}]}}